{"id":11058,"date":"2021-04-17T19:56:34","date_gmt":"2021-04-17T17:56:34","guid":{"rendered":"https:\/\/www.abogadosvillarcayo.com\/aviso-legal\/"},"modified":"2025-07-15T13:08:17","modified_gmt":"2025-07-15T11:08:17","slug":"aviso-legal","status":"publish","type":"page","link":"https:\/\/www.abogadosvillarcayo.com\/?page_id=11058","title":{"rendered":"Aviso legal"},"content":{"rendered":"<h3>DATOS IDENTIFICATIVOS DEL TITULAR DEL SITIO WEB<\/h3>\n<p>En cumplimiento del deber de informaci\u00f3n estipulado en el art\u00edculo 10 de la Ley 34\/2002 de 11 de julio de Servicios de la Sociedad de la Informaci\u00f3n y de Comercio Electr\u00f3nico, <strong><em>Angel Villanueva Lopez<\/em><\/strong>, con DNI 16046139M, en adelante <strong>AbogadosVillarcayo<\/strong>, en calidad de titular del sitio web <strong>www.abogadosvillarcayo.com<\/strong>, con domicilio en Plaza Mayor, 22- 1\u00ba izda., c\u00f3digo postal 09550 de Villarcayo, Burgos, direcci\u00f3n de correo electr\u00f3nico <a href=\"mailto:i%6efo&#64;%61%62og%61%64&#111;&#115;v%69%6cla&#114;%63%61&#121;&#111;.&#99;%6fm\">&#105;&#110;&#102;o&#64;ab&#111;g&#97;&#100;os&#118;il&#108;a&#114;&#99;&#97;&#121;&#111;.&#99;om<\/a> y tel\u00e9fono <a href=\"tel:+34947130616\" title=\"tel\u00e9fono\">+34947130616<\/a>, procede a comunicarles la presente informaci\u00f3n que conforma y regula las condiciones de uso en esta p\u00e1gina, las limitaciones de responsabilidad y las obligaciones que, los usuarios del sitio web que se publica bajo el nombre de dominio <strong><i>www.abogadosvillarcayo.com<\/i><\/strong>, asumen y se comprometen a respetar.<\/p>\n<h3>CONDICIONES DE USO<\/h3>\n<p>La utilizaci\u00f3n de <strong>www.abogadosvillarcayo.com<\/strong> otorga la condici\u00f3n de <strong>Usuario<\/strong> de <strong>www.abogadosvillarcayo.com<\/strong>, bien sea persona f\u00edsica o jur\u00eddica, y obligatoriamente implica la aceptaci\u00f3n completa, plena y sin reservas de todas y cada una de las cl\u00e1usulas y condiciones generales incluidas en el Aviso Legal. Si el <strong>Usuario<\/strong> no estuviera conforme con las cl\u00e1usulas y condiciones de uso de este Aviso Legal, se abstendr\u00e1 de utilizar <strong>www.abogadosvillarcayo.com<\/strong>. Este Aviso Legal est\u00e1 sujeto a cambios y actualizaciones, por lo que la versi\u00f3n publicada por <strong>AbogadosVillarcayo<\/strong> puede ser diferente en cada momento en que el <strong>Usuario<\/strong> acceda al Portal. Por tanto, el <strong>Usuario<\/strong> debe leer el Aviso Legal en todas y cada una de las ocasiones en que acceda a <strong>www.abogadosvillarcayo.com<\/strong>.<\/p>\n\n<p>A trav\u00e9s de <strong>www.abogadosvillarcayo.com<\/strong>, <strong>AbogadosVillarcayo<\/strong> facilita al <strong>Usuario<\/strong> el acceso y la utilizaci\u00f3n de diversos contenidos publicados por medio de Internet por <strong>AbogadosVillarcayo<\/strong> o por terceros autorizados.<\/p>\n\n<p>El <strong>Usuario<\/strong> est\u00e1 obligado y se compromete a utilizar <strong>www.abogadosvillarcayo.com<\/strong> y los contenidos de conformidad con la legislaci\u00f3n vigente, el Aviso Legal y cualquier otro aviso o instrucciones puestos en su conocimiento, bien sea por medio de este Aviso Legal o en cualquier otro lugar dentro de los contenidos que conforman <strong>www.abogadosvillarcayo.com<\/strong>, como son las normas de convivencia, la moral y las buenas costumbres generalmente aceptadas. A tal efecto, el <strong>Usuario<\/strong> se obliga y compromete a no utilizar cualesquiera de los contenidos con fines o efectos il\u00edcitos, prohibidos en el Aviso Legal o por la legislaci\u00f3n vigente, lesivos de los derechos e intereses de terceros, o que de cualquier forma puedan da\u00f1ar, inutilizar, sobrecargar, deteriorar o impedir la normal utilizaci\u00f3n de los contenidos, los equipos inform\u00e1ticos o los documentos, archivos y toda clase de contenidos almacenados en cualquier equipo inform\u00e1tico propio o contratado por <strong>AbogadosVillarcayo<\/strong>, de otro <strong>Usuario<\/strong> o de cualquier usuario de Internet (hardware y software).<\/p>\n\n<p>El <strong>Usuario<\/strong> se obliga y se compromete a no transmitir, difundir o poner a disposici\u00f3n de terceros cualquier clase de material contenido en <strong>www.abogadosvillarcayo.com<\/strong>, tales como informaciones, textos, datos, contenidos, mensajes, gr\u00e1ficos, dibujos, archivos de sonido o imagen, fotograf\u00edas, grabaciones, software, logotipos, marcas, iconos, tecnolog\u00eda, enlaces, dise\u00f1o gr\u00e1fico y c\u00f3digos fuente, o cualquier otro material al que tuviera acceso en su condici\u00f3n de <strong>Usuario<\/strong> de <strong>www.abogadosvillarcayo.com<\/strong>, sin que esta enumeraci\u00f3n tenga car\u00e1cter limitativo. Asimismo, de conformidad con todo ello, el <strong>Usuario<\/strong> no podr\u00e1:<\/p>\n<ul>\n<li>Reproducir, copiar, distribuir, poner a disposici\u00f3n o de cualquier otra forma comunicar p\u00fablicamente, transformar o modificar los contenidos, a menos que se cuente con la autorizaci\u00f3n escrita y expl\u00edcita de <strong>AbogadosVillarcayo<\/strong>, que es titular de los derechos correspondientes, o bien que ello resulte legalmente permitido.<\/li>\n<li>Suprimir, manipular o de cualquier forma alterar el \u201ccopyright\u201d y dem\u00e1s datos identificativos de la reserva de derechos de <strong>AbogadosVillarcayo<\/strong> o de sus titulares, de las huellas o identificadores digitales, marcas de agua, o de cualesquiera otros medios t\u00e9cnicos establecidos para su reconocimiento.<\/li>\n<\/ul>\n<p>El <strong>Usuario<\/strong> deber\u00e1 abstenerse de obtener e incluso de intentar obtener los contenidos empleando para ello medios o procedimientos distintos de los que, seg\u00fan los casos, se hayan puesto a su disposici\u00f3n a este efecto, o se hayan indicado a este efecto en las p\u00e1ginas web donde se encuentren los contenidos o, en general, de los que se empleen habitualmente en Internet a este efecto siempre que no entra\u00f1en un riesgo de da\u00f1o o inutilizaci\u00f3n de <strong>www.abogadosvillarcayo.com<\/strong>, o de los contenidos.<\/p>\n<h3>PROPIEDAD INTELECTUAL<\/h3>\n<p>Todas las marcas, nombres comerciales o signos distintivos de cualquier clase que aparecen en <strong>www.abogadosvillarcayo.com<\/strong> son propiedad de <strong>AbogadosVillarcayo<\/strong> o, en su caso, de sus respectivos propietarios, sin que pueda entenderse que el uso o acceso al Portal o a los contenidos atribuya al <strong>Usuario<\/strong> derecho alguno sobre las citadas marcas, nombres comerciales o signos distintivos y sin que puedan entenderse cedidos al <strong>Usuario<\/strong> ninguno de los derechos de explotaci\u00f3n que existen o puedan existir sobre dichos contenidos. De igual modo, los contenidos son propiedad intelectual de <strong>AbogadosVillarcayo<\/strong> o de terceros en su caso, por tanto, los derechos de propiedad intelectual son titularidad de <strong>AbogadosVillarcayo<\/strong> o de terceros que han autorizado su uso, a quienes corresponde el ejercicio exclusivo de los derechos de explotaci\u00f3n de los mismos en cualquier forma y, en especial, los derechos de reproducci\u00f3n, distribuci\u00f3n, comunicaci\u00f3n p\u00fablica y transformaci\u00f3n. La utilizaci\u00f3n no autorizada de la informaci\u00f3n contenida en este sitio web, as\u00ed como la lesi\u00f3n de los derechos de propiedad intelectual o industrial de <strong>AbogadosVillarcayo<\/strong> o de terceros incluidos en <strong>www.abogadosvillarcayo.com<\/strong> que hayan cedido contenidos, dar\u00e1 lugar a las responsabilidades legalmente establecidas.<\/p>\n<h3>DISPONIBILIDAD DE WWW.ABOGADOSVILLARCAYO.COM<\/h3>\n<p><strong>AbogadosVillarcayo<\/strong> no garantiza la inexistencia de interrupciones o errores en el acceso a <strong>www.abogadosvillarcayo.com<\/strong> o a sus contenidos ni que estos se encuentren actualizados, aunque desarrollar\u00e1 sus mejores esfuerzos para, en su caso, evitarlos, subsanarlos o actualizarlos. Por consiguiente, <strong>AbogadosVillarcayo<\/strong> no se responsabiliza de los da\u00f1os o perjuicios de cualquier tipo producidos en el <strong>Usuario<\/strong> que traigan causa de fallos o desconexiones en las redes de telecomunicaciones que produzcan la suspensi\u00f3n, cancelaci\u00f3n o interrupci\u00f3n del servicio del portal durante la prestaci\u00f3n del servicio o con car\u00e1cter previo.<\/p>\n\n<p><strong>AbogadosVillarcayo<\/strong> excluye, con las excepciones contempladas en la legislaci\u00f3n vigente, cualquier responsabilidad por los da\u00f1os y perjuicios de toda naturaleza que puedan deberse a la falta de disponibilidad, continuidad o calidad del funcionamiento de <strong>www.abogadosvillarcayo.com<\/strong> y de los contenidos, por el incumplimiento de la expectativa de utilidad que el <strong>Usuario<\/strong> hubiera podido atribuir a <strong>www.abogadosvillarcayo.com<\/strong> y a los contenidos.<\/p>\n\n<p>La funci\u00f3n de los hiperenlaces que aparecen en este sitio web es exclusivamente la de informar al <strong>Usuario<\/strong> acerca de la existencia de otros sitios web que contienen informaci\u00f3n sobre la materia. Dichos hiperenlaces no constituyen sugerencia ni recomendaci\u00f3n alguna.<\/p>\n\n<p><strong>AbogadosVillarcayo<\/strong> no se hace responsable de los contenidos de las p\u00e1ginas enlazadas, del funcionamiento o utilidad de los hiperenlaces ni del resultado de los mismos, ni garantiza la ausencia de virus u otros elementos en los mismos que puedan producir alteraciones en el sistema inform\u00e1tico (hardware y software), los documentos o los ficheros del <strong>Usuario<\/strong>, excluyendo cualquier responsabilidad por los da\u00f1os de cualquier clase causados al <strong>Usuario<\/strong> por este motivo.<\/p>\n\n<p>El acceso a <strong>www.abogadosvillarcayo.com<\/strong> no implica la obligaci\u00f3n por parte de <strong>AbogadosVillarcayo<\/strong> de controlar la ausencia de virus, gusanos o cualquier otro elemento inform\u00e1tico da\u00f1ino. Corresponde al <strong>Usuario<\/strong>, en todo caso, la disponibilidad de herramientas adecuadas para la detecci\u00f3n y desinfecci\u00f3n de programas inform\u00e1ticos da\u00f1inos. Por lo tanto, <strong>AbogadosVillarcayo<\/strong> no se hace responsable de los posibles errores de seguridad que se puedan producir durante la prestaci\u00f3n del servicio de <strong>www.abogadosvillarcayo.com<\/strong>, ni de los posibles da\u00f1os que puedan causarse al sistema inform\u00e1tico del <strong>Usuario<\/strong> o de terceros (hardware y software), as\u00ed como a los ficheros o documentos almacenados en dicho sistema, como consecuencia de la presencia de virus en el ordenador del <strong>Usuario<\/strong> utilizado para la conexi\u00f3n a los servicios y contenidos de la web, de un mal funcionamiento del navegador o del uso de versiones no actualizadas del mismo.<\/p>\n\n<p>La prestaci\u00f3n del servicio de <strong>www.abogadosvillarcayo.com<\/strong> y de los contenidos tiene, en principio, duraci\u00f3n indefinida. No obstante, <strong>AbogadosVillarcayo<\/strong> queda autorizado para dar por terminada o suspender la prestaci\u00f3n del servicio de <strong>www.abogadosvillarcayo.com<\/strong> o de cualquiera de los contenidos en cualquier momento. Cuando ello sea razonablemente posible, <strong>AbogadosVillarcayo<\/strong> advertir\u00e1 previamente la terminaci\u00f3n o suspensi\u00f3n de <strong>www.abogadosvillarcayo.com<\/strong>.<\/p>\n<h3>CALIDAD DE WWW.ABOGADOSVILLARCAYO.COM<\/h3>\n<p>Dado el entorno din\u00e1mico y cambiante de la informaci\u00f3n y servicios que se suministran por medio de <strong>www.abogadosvillarcayo.com<\/strong>, <strong>AbogadosVillarcayo<\/strong> realiza su mejor esfuerzo, pero no garantiza la completa veracidad, exactitud, fiabilidad, utilidad o actualidad de los contenidos. La informaci\u00f3n contenida en las p\u00e1ginas que componen este portal solo tiene car\u00e1cter informativo, consultivo, divulgativo y publicitario. En ning\u00fan caso ofrece ni tiene car\u00e1cter de compromiso vinculante o contractual.<\/p>\n<h3>LIMITACI\u00d3N DE RESPONSABILIDAD<\/h3>\n<p><strong>AbogadosVillarcayo<\/strong> excluye toda responsabilidad por las decisiones que el <strong>Usuario<\/strong> pueda tomar basadas en esta informaci\u00f3n, as\u00ed como por los posibles errores tipogr\u00e1ficos que puedan contener los documentos y elementos gr\u00e1ficos de <strong>www.abogadosvillarcayo.com<\/strong>. La informaci\u00f3n est\u00e1 sometida a posibles cambios peri\u00f3dicos sin previo aviso por ampliaci\u00f3n, mejora, correcci\u00f3n o actualizaci\u00f3n de los contenidos.<\/p>\n<h3>NOTIFICACIONES<\/h3>\n<p>Todas las notificaciones y comunicaciones de <strong>AbogadosVillarcayo<\/strong> al <strong>Usuario<\/strong> realizadas por cualquier medio se considerar\u00e1n eficaces a todos los efectos.<\/p>\n<h3>JURISDICCI\u00d3N<\/h3>\n<p>Para cuantas cuestiones se susciten sobre la interpretaci\u00f3n, aplicaci\u00f3n y cumplimiento de este Aviso Legal, as\u00ed como de las reclamaciones que puedan derivarse de su uso, todas las partes intervinientes se someten a los Jueces y Tribunales de la provincia de Burgos, renunciando de forma expresa a cualquier otro fuero que pudiera corresponderles.<\/p>\n<h3>LEGISLACI\u00d3N APLICABLE<\/h3>\n<p>El presente Aviso Legal se rige por la normativa espa\u00f1ola vigente.<\/p>\n\n\r\n<p>&nbsp;<\/p>","protected":false},"excerpt":{"rendered":"<p>&nbsp;<\/p>\n","protected":false},"author":1,"featured_media":0,"parent":0,"menu_order":0,"comment_status":"closed","ping_status":"closed","template":"","meta":{"footnotes":""},"class_list":["post-11058","page","type-page","status-publish","hentry"],"yoast_head":"<!-- This site is optimized with the Yoast SEO plugin v27.6 - https:\/\/yoast.com\/product\/yoast-seo-wordpress\/ -->\n<title>Aviso legal - AbogadosVillarcayo<\/title>\n<meta name=\"robots\" content=\"noindex, follow\" \/>\n<meta property=\"og:locale\" content=\"es_ES\" \/>\n<meta property=\"og:type\" content=\"article\" \/>\n<meta property=\"og:title\" content=\"Aviso legal - AbogadosVillarcayo\" \/>\n<meta property=\"og:description\" content=\"&nbsp;\" \/>\n<meta property=\"og:url\" content=\"https:\/\/www.abogadosvillarcayo.com\/?page_id=11058\" \/>\n<meta property=\"og:site_name\" content=\"AbogadosVillarcayo\" \/>\n<meta property=\"article:modified_time\" content=\"2025-07-15T11:08:17+00:00\" \/>\n<meta name=\"twitter:card\" content=\"summary_large_image\" \/>\n<meta name=\"twitter:label1\" content=\"Tiempo de lectura\" \/>\n\t<meta name=\"twitter:data1\" content=\"1 minuto\" \/>\n<script type=\"application\/ld+json\" class=\"yoast-schema-graph\">{\"@context\":\"https:\\\/\\\/schema.org\",\"@graph\":[{\"@type\":\"WebPage\",\"@id\":\"https:\\\/\\\/www.abogadosvillarcayo.com\\\/?page_id=11058\",\"url\":\"https:\\\/\\\/www.abogadosvillarcayo.com\\\/?page_id=11058\",\"name\":\"Aviso legal - AbogadosVillarcayo\",\"isPartOf\":{\"@id\":\"https:\\\/\\\/www.abogadosvillarcayo.com\\\/#website\"},\"datePublished\":\"2021-04-17T17:56:34+00:00\",\"dateModified\":\"2025-07-15T11:08:17+00:00\",\"breadcrumb\":{\"@id\":\"https:\\\/\\\/www.abogadosvillarcayo.com\\\/?page_id=11058#breadcrumb\"},\"inLanguage\":\"es\",\"potentialAction\":[{\"@type\":\"ReadAction\",\"target\":[\"https:\\\/\\\/www.abogadosvillarcayo.com\\\/?page_id=11058\"]}]},{\"@type\":\"BreadcrumbList\",\"@id\":\"https:\\\/\\\/www.abogadosvillarcayo.com\\\/?page_id=11058#breadcrumb\",\"itemListElement\":[{\"@type\":\"ListItem\",\"position\":1,\"name\":\"Portada\",\"item\":\"https:\\\/\\\/www.abogadosvillarcayo.com\\\/\"},{\"@type\":\"ListItem\",\"position\":2,\"name\":\"Aviso legal\"}]},{\"@type\":\"WebSite\",\"@id\":\"https:\\\/\\\/www.abogadosvillarcayo.com\\\/#website\",\"url\":\"https:\\\/\\\/www.abogadosvillarcayo.com\\\/\",\"name\":\"AbogadosVillarcayo\",\"description\":\"Burgos, Cantabria y Pa\u00eds Vasco.\",\"potentialAction\":[{\"@type\":\"SearchAction\",\"target\":{\"@type\":\"EntryPoint\",\"urlTemplate\":\"https:\\\/\\\/www.abogadosvillarcayo.com\\\/?s={search_term_string}\"},\"query-input\":{\"@type\":\"PropertyValueSpecification\",\"valueRequired\":true,\"valueName\":\"search_term_string\"}}],\"inLanguage\":\"es\"}]}<\/script>\n<!-- \/ Yoast SEO plugin. -->","yoast_head_json":{"title":"Aviso legal - AbogadosVillarcayo","robots":{"index":"noindex","follow":"follow"},"og_locale":"es_ES","og_type":"article","og_title":"Aviso legal - AbogadosVillarcayo","og_description":"&nbsp;","og_url":"https:\/\/www.abogadosvillarcayo.com\/?page_id=11058","og_site_name":"AbogadosVillarcayo","article_modified_time":"2025-07-15T11:08:17+00:00","twitter_card":"summary_large_image","twitter_misc":{"Tiempo de lectura":"1 minuto"},"schema":{"@context":"https:\/\/schema.org","@graph":[{"@type":"WebPage","@id":"https:\/\/www.abogadosvillarcayo.com\/?page_id=11058","url":"https:\/\/www.abogadosvillarcayo.com\/?page_id=11058","name":"Aviso legal - AbogadosVillarcayo","isPartOf":{"@id":"https:\/\/www.abogadosvillarcayo.com\/#website"},"datePublished":"2021-04-17T17:56:34+00:00","dateModified":"2025-07-15T11:08:17+00:00","breadcrumb":{"@id":"https:\/\/www.abogadosvillarcayo.com\/?page_id=11058#breadcrumb"},"inLanguage":"es","potentialAction":[{"@type":"ReadAction","target":["https:\/\/www.abogadosvillarcayo.com\/?page_id=11058"]}]},{"@type":"BreadcrumbList","@id":"https:\/\/www.abogadosvillarcayo.com\/?page_id=11058#breadcrumb","itemListElement":[{"@type":"ListItem","position":1,"name":"Portada","item":"https:\/\/www.abogadosvillarcayo.com\/"},{"@type":"ListItem","position":2,"name":"Aviso legal"}]},{"@type":"WebSite","@id":"https:\/\/www.abogadosvillarcayo.com\/#website","url":"https:\/\/www.abogadosvillarcayo.com\/","name":"AbogadosVillarcayo","description":"Burgos, Cantabria y Pa\u00eds Vasco.","potentialAction":[{"@type":"SearchAction","target":{"@type":"EntryPoint","urlTemplate":"https:\/\/www.abogadosvillarcayo.com\/?s={search_term_string}"},"query-input":{"@type":"PropertyValueSpecification","valueRequired":true,"valueName":"search_term_string"}}],"inLanguage":"es"}]}},"_links":{"self":[{"href":"https:\/\/www.abogadosvillarcayo.com\/index.php?rest_route=\/wp\/v2\/pages\/11058","targetHints":{"allow":["GET"]}}],"collection":[{"href":"https:\/\/www.abogadosvillarcayo.com\/index.php?rest_route=\/wp\/v2\/pages"}],"about":[{"href":"https:\/\/www.abogadosvillarcayo.com\/index.php?rest_route=\/wp\/v2\/types\/page"}],"author":[{"embeddable":true,"href":"https:\/\/www.abogadosvillarcayo.com\/index.php?rest_route=\/wp\/v2\/users\/1"}],"replies":[{"embeddable":true,"href":"https:\/\/www.abogadosvillarcayo.com\/index.php?rest_route=%2Fwp%2Fv2%2Fcomments&post=11058"}],"version-history":[{"count":1,"href":"https:\/\/www.abogadosvillarcayo.com\/index.php?rest_route=\/wp\/v2\/pages\/11058\/revisions"}],"predecessor-version":[{"id":11061,"href":"https:\/\/www.abogadosvillarcayo.com\/index.php?rest_route=\/wp\/v2\/pages\/11058\/revisions\/11061"}],"wp:attachment":[{"href":"https:\/\/www.abogadosvillarcayo.com\/index.php?rest_route=%2Fwp%2Fv2%2Fmedia&parent=11058"}],"curies":[{"name":"wp","href":"https:\/\/api.w.org\/{rel}","templated":true}]}}